{"id":559,"date":"2023-02-16T14:59:17","date_gmt":"2023-02-16T13:59:17","guid":{"rendered":"https:\/\/zxbenet.cz\/wagon\/?page_id=559"},"modified":"2023-02-16T15:37:14","modified_gmt":"2023-02-16T14:37:14","slug":"zeleznicni-vozy-k-prodeji","status":"publish","type":"page","link":"https:\/\/zxbenet.cz\/wagon\/zeleznicni-vozy-k-prodeji\/","title":{"rendered":"\u017delezni\u010dn\u00ed vozy k prodeji"},"content":{"rendered":"\n<table id=\"tablepress-2\" class=\"tablepress tablepress-id-2\">\n<thead>\n<tr class=\"row-1\">\n\t<th class=\"column-1\">Serie<\/th><th class=\"column-2\">Typ<\/th><th class=\"column-3\">Sklad<\/th><th class=\"column-4\">Specifikace<\/th>\n<\/tr>\n<\/thead>\n<tbody class=\"row-striping row-hover\">\n<tr class=\"row-2\">\n\t<td class=\"column-1\">Eaos<\/td><td class=\"column-2\">HRz<\/td><td class=\"column-3\">SZR PL<\/td><td class=\"column-4\">upraven\u00fd pro p\u0159epravu \u0161rotu!<\/td>\n<\/tr>\n<tr class=\"row-3\">\n\t<td class=\"column-1\">Eaos<\/td><td class=\"column-2\">HR<\/td><td class=\"column-3\">SZR PL<\/td><td class=\"column-4\">Standardn\u00ed s novou sk\u0159\u00edn\u00ed<\/td>\n<\/tr>\n<tr class=\"row-4\">\n\t<td class=\"column-1\">Fals<\/td><td class=\"column-2\">11\/54 Sk.<\/td><td class=\"column-3\">SZR PL<\/td><td class=\"column-4\"><\/td>\n<\/tr>\n<tr class=\"row-5\">\n\t<td class=\"column-1\">Res<\/td><td class=\"column-2\"><\/td><td class=\"column-3\">SZR PL<\/td><td class=\"column-4\"><\/td>\n<\/tr>\n<tr class=\"row-6\">\n\t<td class=\"column-1\">Fals<\/td><td class=\"column-2\"><\/td><td class=\"column-3\">SZR PL<\/td><td class=\"column-4\">Pro p\u0159epravy vnitro PL<\/td>\n<\/tr>\n<\/tbody>\n<\/table>\n<!-- #tablepress-2 from cache -->\n","protected":false},"excerpt":{"rendered":"","protected":false},"author":1,"featured_media":0,"parent":0,"menu_order":0,"comment_status":"closed","ping_status":"closed","template":"","meta":{"footnotes":""},"class_list":["post-559","page","type-page","status-publish","hentry"],"_links":{"self":[{"href":"https:\/\/zxbenet.cz\/wagon\/wp-json\/wp\/v2\/pages\/559","targetHints":{"allow":["GET"]}}],"collection":[{"href":"https:\/\/zxbenet.cz\/wagon\/wp-json\/wp\/v2\/pages"}],"about":[{"href":"https:\/\/zxbenet.cz\/wagon\/wp-json\/wp\/v2\/types\/page"}],"author":[{"embeddable":true,"href":"https:\/\/zxbenet.cz\/wagon\/wp-json\/wp\/v2\/users\/1"}],"replies":[{"embeddable":true,"href":"https:\/\/zxbenet.cz\/wagon\/wp-json\/wp\/v2\/comments?post=559"}],"version-history":[{"count":2,"href":"https:\/\/zxbenet.cz\/wagon\/wp-json\/wp\/v2\/pages\/559\/revisions"}],"predecessor-version":[{"id":565,"href":"https:\/\/zxbenet.cz\/wagon\/wp-json\/wp\/v2\/pages\/559\/revisions\/565"}],"wp:attachment":[{"href":"https:\/\/zxbenet.cz\/wagon\/wp-json\/wp\/v2\/media?parent=559"}],"curies":[{"name":"wp","href":"https:\/\/api.w.org\/{rel}","templated":true}]}}