{"id":5203,"date":"2025-09-09T10:20:19","date_gmt":"2025-09-09T08:20:19","guid":{"rendered":"https:\/\/zxbenet.cz\/wagon\/?page_id=5203"},"modified":"2025-09-09T10:20:57","modified_gmt":"2025-09-09T08:20:57","slug":"id0002-eaos-bdz-3","status":"publish","type":"page","link":"https:\/\/zxbenet.cz\/wagon\/pl\/id0002-eaos-bdz-3\/","title":{"rendered":"ID0002 Eaos BDZ"},"content":{"rendered":"\n<div class=\"wp-block-columns is-layout-flex wp-container-core-columns-is-layout-9d6595d7 wp-block-columns-is-layout-flex\">\n<div class=\"wp-block-column is-layout-flow wp-block-column-is-layout-flow\">\n<figure class=\"wp-block-image size-full\"><img loading=\"lazy\" decoding=\"async\" width=\"452\" height=\"281\" src=\"https:\/\/zxbenet.cz\/wagon\/wp-content\/uploads\/2025\/09\/002_BDZ.jpg\" alt=\"\" class=\"wp-image-5194\" srcset=\"https:\/\/zxbenet.cz\/wagon\/wp-content\/uploads\/2025\/09\/002_BDZ.jpg 452w, https:\/\/zxbenet.cz\/wagon\/wp-content\/uploads\/2025\/09\/002_BDZ-300x187.jpg 300w\" sizes=\"auto, (max-width: 452px) 100vw, 452px\" \/><\/figure>\n<\/div>\n\n\n\n<div class=\"wp-block-column is-layout-flow wp-block-column-is-layout-flow\">\n<p>Wagony s w\u00f3zkami serie Eaos maj\u0105 du\u017c\u0105 przestrzeni\u0105 \u0142adunkow\u0105. Po obu stronach pud\u0142a jest dwoje drzwi bocznych, pod\u0142oga jest metalowa. Na wagonach s\u0105 dwa 2-osiowe podwozia typu Y25Cs. Dalej jest na wagonach hamulec Knorr z jednym cylindrem hamulcowym 16\u201d i manualnym prze\u0142\u0105cznikiem \u201ePrazndy \/ \u0141adowny\u201d.Wagony nadaj\u0105 si\u0119 do przewozu \u0142adunk\u00f3w sypkich takich jak w\u0119giel, ruda, kruszywo, piasek oraz drobnicy i \u0142adunk\u00f3w skupionych.Wagony nadaj\u0105 \u015bi\u0119 do eksploatacji w transeuropejskim systemie koleji konwencjonalnych.<\/p>\n<\/div>\n<\/div>\n\n\n\n<a  data-e-Disable-Page-Transition=\"true\" class=\"download-link download-button aligncenter\" title=\"\" href=\"https:\/\/zxbenet.cz\/wagon\/download\/5205\/?tmstv=1777157605\" rel=\"nofollow\" id=\"download-link-5205\" data-redirect=\"false\" >\n\tDownload &ldquo;ID0002PL Eaos BDZ&rdquo;\t<small>ID0002PL_Eaos_BDZ.pdf\t\t&ndash; Downloaded 21 times\t\t&ndash; 161,06 KB<\/small>\n<\/a>\n\n","protected":false},"excerpt":{"rendered":"<p>Wagony s w\u00f3zkami serie Eaos maj\u0105 du\u017c\u0105 przestrzeni\u0105 \u0142adunkow\u0105. Po obu stronach pud\u0142a jest dwoje drzwi bocznych, pod\u0142oga jest metalowa. Na wagonach s\u0105 dwa 2-osiowe podwozia typu Y25Cs. Dalej jest na wagonach hamulec Knorr z jednym cylindrem hamulcowym 16\u201d i manualnym prze\u0142\u0105cznikiem \u201ePrazndy \/ \u0141adowny\u201d.Wagony nadaj\u0105 si\u0119 do przewozu \u0142adunk\u00f3w sypkich takich jak w\u0119giel, ruda,&hellip;<\/p>\n","protected":false},"author":1,"featured_media":0,"parent":0,"menu_order":0,"comment_status":"closed","ping_status":"closed","template":"","meta":{"footnotes":""},"class_list":["post-5203","page","type-page","status-publish","hentry"],"_links":{"self":[{"href":"https:\/\/zxbenet.cz\/wagon\/wp-json\/wp\/v2\/pages\/5203","targetHints":{"allow":["GET"]}}],"collection":[{"href":"https:\/\/zxbenet.cz\/wagon\/wp-json\/wp\/v2\/pages"}],"about":[{"href":"https:\/\/zxbenet.cz\/wagon\/wp-json\/wp\/v2\/types\/page"}],"author":[{"embeddable":true,"href":"https:\/\/zxbenet.cz\/wagon\/wp-json\/wp\/v2\/users\/1"}],"replies":[{"embeddable":true,"href":"https:\/\/zxbenet.cz\/wagon\/wp-json\/wp\/v2\/comments?post=5203"}],"version-history":[{"count":2,"href":"https:\/\/zxbenet.cz\/wagon\/wp-json\/wp\/v2\/pages\/5203\/revisions"}],"predecessor-version":[{"id":5212,"href":"https:\/\/zxbenet.cz\/wagon\/wp-json\/wp\/v2\/pages\/5203\/revisions\/5212"}],"wp:attachment":[{"href":"https:\/\/zxbenet.cz\/wagon\/wp-json\/wp\/v2\/media?parent=5203"}],"curies":[{"name":"wp","href":"https:\/\/api.w.org\/{rel}","templated":true}]}}