{"id":5187,"date":"2025-09-09T09:51:03","date_gmt":"2025-09-09T07:51:03","guid":{"rendered":"https:\/\/zxbenet.cz\/wagon\/?page_id=5187"},"modified":"2025-09-09T10:24:10","modified_gmt":"2025-09-09T08:24:10","slug":"id0001-eaos-401wb-4","status":"publish","type":"page","link":"https:\/\/zxbenet.cz\/wagon\/pl\/id0001-eaos-401wb-4\/","title":{"rendered":"ID0001 Eaos 401Wb"},"content":{"rendered":"\n<div class=\"wp-block-columns is-layout-flex wp-container-core-columns-is-layout-9d6595d7 wp-block-columns-is-layout-flex\">\n<div class=\"wp-block-column is-layout-flow wp-block-column-is-layout-flow\"><div class=\"wp-block-image\">\n<figure class=\"aligncenter size-full\"><img loading=\"lazy\" decoding=\"async\" width=\"454\" height=\"285\" src=\"https:\/\/zxbenet.cz\/wagon\/wp-content\/uploads\/2025\/09\/001_401Wb.jpg\" alt=\"\" class=\"wp-image-5178\" srcset=\"https:\/\/zxbenet.cz\/wagon\/wp-content\/uploads\/2025\/09\/001_401Wb.jpg 454w, https:\/\/zxbenet.cz\/wagon\/wp-content\/uploads\/2025\/09\/001_401Wb-300x188.jpg 300w\" sizes=\"auto, (max-width: 454px) 100vw, 454px\" \/><\/figure>\n<\/div><\/div>\n\n\n\n<div class=\"wp-block-column is-layout-flow wp-block-column-is-layout-flow\">\n<p>Wagony s w\u00f3zkami serie Eaos maj\u0105 wysoko\u015b\u0107 s\u0107ian pud\u0142a 2 000 mm i z du\u017c\u0105 przestrzeni\u0105 \u0142adunkow\u0105. Po obu stronach pud\u0142a jest dwoje drzwi bocznych, pod\u0142oga jest metalowa.Na wagonach s\u0105 dwa 2-osiowe podwozia typu 1Xta . Dalej jest na wagonach hamulec Knorr z jednym cylindrem hamulcowym 16\u201d i manualnym prze\u0142\u0105cznikiem \u201ePrazndy \/ \u0141adowny\u201d.Wagony nadaj\u0105 si\u0119 do przewozu \u0142adunk\u00f3w sypkich takich jak w\u0119giel, ruda, kruszywo, piasek oraz drobnicy i \u0142adunk\u00f3w skupionych.Wagony nadaj\u0105 \u015bi\u0119 do eksploatacji w transeuropejskim systemie koleji konwencjonalnych.<\/p>\n<\/div>\n<\/div>\n\n\n\n<a  data-e-Disable-Page-Transition=\"true\" class=\"download-link download-button aligncenter\" title=\"\" href=\"https:\/\/zxbenet.cz\/wagon\/download\/5171\/?tmstv=1777157673\" rel=\"nofollow\" id=\"download-link-5171\" data-redirect=\"false\" >\n\tDownload &ldquo;ID0001PL Eaos 401Wb&rdquo;\t<small>ID0001PL_Eaos_401Wb.pdf\t\t&ndash; Downloaded 16 times\t\t&ndash; 145,33 KB<\/small>\n<\/a>\n\n","protected":false},"excerpt":{"rendered":"<p>Wagony s w\u00f3zkami serie Eaos maj\u0105 wysoko\u015b\u0107 s\u0107ian pud\u0142a 2 000 mm i z du\u017c\u0105 przestrzeni\u0105 \u0142adunkow\u0105. Po obu stronach pud\u0142a jest dwoje drzwi bocznych, pod\u0142oga jest metalowa.Na wagonach s\u0105 dwa 2-osiowe podwozia typu 1Xta . Dalej jest na wagonach hamulec Knorr z jednym cylindrem hamulcowym 16\u201d i manualnym prze\u0142\u0105cznikiem \u201ePrazndy \/ \u0141adowny\u201d.Wagony nadaj\u0105 si\u0119&hellip;<\/p>\n","protected":false},"author":1,"featured_media":0,"parent":0,"menu_order":0,"comment_status":"closed","ping_status":"closed","template":"","meta":{"footnotes":""},"class_list":["post-5187","page","type-page","status-publish","hentry"],"_links":{"self":[{"href":"https:\/\/zxbenet.cz\/wagon\/wp-json\/wp\/v2\/pages\/5187","targetHints":{"allow":["GET"]}}],"collection":[{"href":"https:\/\/zxbenet.cz\/wagon\/wp-json\/wp\/v2\/pages"}],"about":[{"href":"https:\/\/zxbenet.cz\/wagon\/wp-json\/wp\/v2\/types\/page"}],"author":[{"embeddable":true,"href":"https:\/\/zxbenet.cz\/wagon\/wp-json\/wp\/v2\/users\/1"}],"replies":[{"embeddable":true,"href":"https:\/\/zxbenet.cz\/wagon\/wp-json\/wp\/v2\/comments?post=5187"}],"version-history":[{"count":2,"href":"https:\/\/zxbenet.cz\/wagon\/wp-json\/wp\/v2\/pages\/5187\/revisions"}],"predecessor-version":[{"id":5217,"href":"https:\/\/zxbenet.cz\/wagon\/wp-json\/wp\/v2\/pages\/5187\/revisions\/5217"}],"wp:attachment":[{"href":"https:\/\/zxbenet.cz\/wagon\/wp-json\/wp\/v2\/media?parent=5187"}],"curies":[{"name":"wp","href":"https:\/\/api.w.org\/{rel}","templated":true}]}}